t q(c) = 35*c**3 + 5*c**2 - 8*c - 31. Let v(m) = -17*m**3 - 3*m**2 + 4*m + 16. Let z(u) = -3*q(u) - 5*v(u). What are the prime factors of z(-3)?
541
Let d = -30 - -34. Suppose -1788 = -4*k + d*n, -k - 4*n = -0*k - 432. List the prime factors of (-56)/140 + k/10.
2, 11
List the prime factors of 0/(-9 + 4 - -4) + 7281.
3, 809
Let f(c) = c**3 - 11*c**2 + 32*c - 16. Let d(r) = 6*r + 4. Let w be d(1). List the prime factors of f(w).
2, 3, 17
Let v = -15 - -19. Suppose v*d - 5 = 4*z - 1, -8 = -4*d + 3*z. What are the prime factors of 1*35 - (5 - d)/5?
5, 7
What are the prime factors of -14*(16 - 26264/16)?
7, 3251
Let a(q) = -135*q + 2341. List the prime factors of a(-79).
2, 7, 929
Let w = -2214 - -1503. Let r(g) = g**3 - 22*g**2 + 39*g - 141. Let q be r(19). Let i = q - w. What are the prime factors of i?
2, 3, 19
Suppose -175890 = -4*q - 2*l, 13*l = 16*l + 15. List the prime factors of q.
5, 1759
Let c(r) = r**2 - 13*r - 10. Let z be c(14). Suppose -2 = -z*h - 2*o, h = -4*h - o + 1. Suppose h = -9*b + 8*b + 114. What are the prime factors of b?
2, 3, 19
List the prime factors of 9/27 + (-264865)/(-15).
2, 3, 109
Let x(t) be the first derivative of 9*t**3 + 3*t**2/2 - 7*t - 198. List the prime factors of x(2).
107
Suppose -5*b + 4*l + 38 = 7, 5 = -b - 2*l. Suppose -c + 19 = -3*u, -c = b*u + u + 9. What are the prime factors of c?
7
Let q = 13802 - 4502. What are the prime factors of q?
2, 3, 5, 31
Let a(r) = -3*r**3 + 18*r**2 - 24*r + 34. Let w(d) = d**3 - d - 1. Let v(q) = -a(q) - 4*w(q). List the prime factors of v(-21).
3, 5, 47
Let t(w) = 11*w**2 + 8*w - 80. Let u be t(-13). Let a = -1002 + u. What are the prime factors of a?
673
Let i be 5 + (-11)/(33/6). Suppose 2*x + 2*a + 248 = i*x, -5*x - 5*a = -1225. List the prime factors of x.
2, 3, 41
Let i(t) be the second derivative of 14*t**3/3 - 2*t**2 + 135*t. What are the prime factors of i(6)?
2, 41
Let a(c) be the second derivative of 7*c**3/6 + 59*c**2 - 93*c. List the prime factors of a(0).
2, 59
Let s(u) = 12070*u - 1592. What are the prime factors of s(2)?
2, 3, 1879
Let q(u) = 7*u**3 - u + 1. Let r be q(1). Suppose r*a - 2117 + 696 = 0. What are the prime factors of a?
7, 29
Let s be 2 + 0 + (0 - -1). Let x = 499 + -400. Suppose -s*n + 2*a = 7*a - 67, -x = -5*n - 2*a. List the prime factors of n.
19
Let p(h) = 772*h**2 + 2*h + 8. What are the prime factors of p(-4)?
2, 193
Suppose -3*d + 4 = -4*d + n, 4 = -5*d + n. Suppose d = 3*u - 508 - 611. What are the prime factors of u?
373
What are the prime factors of 129759/21 - (6 + 1)/(4/(-4))?
2, 3, 1031
Suppose 157*j + 1170547 - 4616697 = 0. What are the prime factors of j?
2, 5, 439
Suppose -7*b - 115 = -12*b. List the prime factors of 0 + (1 - b)/((-6)/309).
11, 103
Let y(i) be the third derivative of i**6/40 - 19*i**5/60 + 17*i**4/24 - 11*i**3/3 + 172*i**2. What are the prime factors of y(8)?
2, 7, 31
Suppose -16 = -5*o - 3*s, 4*s = 8*o - 4*o. Let m(h) = 6*h - 15. Let i be m(o). What are the prime factors of i + 2 + -2 + (11 - -3)?
11
Let x = -47373 - -75075. What are the prime factors of x?
2, 3, 19
Suppose 0 = -4*l + 3*j + j + 280, -5*j + 46 = l. Let c = l - 67. List the prime factors of 1 - -131 - (c + -1 + 4).
2, 5, 13
Suppose -36*m + 34*m = j - 9284, 37142 = 4*j + 5*m. What are the prime factors of j?
2, 3, 43
Suppose -1064*y + 16653 = -1051*y. What are the prime factors of y?
3, 7, 61
Suppose -3267 = -3*b - 4*o + 1212, 0 = -3*b + 3*o + 4458. Suppose -6 = -3*j, 3623 = 4*x - 2*j - b. List the prime factors of x.
1279
Let c be ((-6517)/49)/((6/(-8))/3). Let i = -141 + c. List the prime factors of i.
17, 23
Let q(a) = 9788*a**2 - 8*a - 20. Let k be q(-3). List the prime factors of k/272 + 2/17.
2, 3
Suppose 7*a - 6*a = -2*b + 818, 4*a = -b + 402. Suppose -13*z = -18*z + b. Let y = -16 + z. What are the prime factors of y?
2, 3, 11
Let i be ((-63)/28 - 0)/(6/32). List the prime factors of 4/16 + (-561)/i.
47
Let t be (-23 - (5 + 8/(-2)))*1. What are the prime factors of (-2 - -506)*3/t*-4?
2, 3, 7
Suppose 266618 = 37*z - 9*z - 716518. What are the prime factors of z?
2, 3, 7, 11, 19
Suppose -z = 26*x - 24*x - 16893, 3*x + 5*z - 25364 = 0. What are the prime factors of x?
8443
Suppose 2*j - 3*j = 0. Suppose 0 = 2*y + 2 - j. Let a(m) = 82*m**2 - 2*m - 2. What are the prime factors of a(y)?
2, 41
Let x = 49 + -136. Let o(d) = 7*d**2 - 3*d - 3. Let r be o(-5). Let s = x + r. List the prime factors of s.
2, 5
Let i = -165 + 204. Suppose -37*j - 42 = -i*j. List the prime factors of j.
3, 7
Let v = 55 - 44. Suppose 8*t - v - 5 = 0. Suppose -3*r = -2*h - 384, 337 = 4*r + t*h - 189. What are the prime factors of r?
2, 5, 13
Let q = -31734 - -59863. List the prime factors of q.
23, 1223
Let u(g) = -14*g + 5. Let b be (26/(-39))/((-2)/(-3))*1. Let a be ((-40)/(-15))/(b*(-2)/(-6)). What are the prime factors of u(a)?
3, 13
Let n(v) = v**2 - 5*v - 106. Let k be n(13). Let b(r) = 143*r**2 - 2*r - 1. What are the prime factors of b(k)?
5, 23
Let y = 49412 + -26352. Suppose y = 15*j + 6320. What are the prime factors of j?
2, 3, 31
Let y be 996/6 + (4 - 1). Suppose -107 = -2*a - 331. Let t = y + a. What are the prime factors of t?
3, 19
Let z(o) = -10*o**2 + 4*o - 1. Let y(q) = 21*q**2 - 8*q + 1. Let p(t) = -6*y(t) - 14*z(t). What are the prime factors of p(5)?
2, 3, 53
Let n = 10089 + -5816. What are the prime factors of n?
4273
Suppose f + 76 = 14. List the prime factors of 196*(f/(-8) + -6).
7
Let j = -1813 - -4859. What are the prime factors of j?
2, 1523
Let l be (-1*3/(-6))/(25/(-50)). Let n(b) be the first derivative of -11*b**2 - 2*b - 1. What are the prime factors of n(l)?
2, 5
Suppose 33*y = 30*y + 36. Suppose -y*n + 375 = -4617. List the prime factors of n.
2, 13
Let c be (15/3 - -2) + -4. Let b(w) = 138*w**2 + 5*w - 8. List the prime factors of b(c).
1249
Let w(q) = -q - 7. Let l be w(-11). Let h be ((-10)/(-20))/(0 - 3/(-1272)). Suppose 3*g + 2*g = -l*s + 230, 4*g = 4*s - h. List the prime factors of s.
5, 11
Let t be (3/(-4))/(10/(-80)). Suppose 330 = 3*x - 4*c, -220 = t*x - 8*x + 5*c. List the prime factors of x.
2, 5, 11
Let v(j) = 392*j - 53. Suppose -6*l + 2*l = -4*w - 4, -3 = -l. What are the prime factors of v(w)?
17, 43
Let n(o) = 130*o**2 + 190*o - 877. List the prime factors of n(5).
3323
What are the prime factors of (-3067960)/(-560)*(1 - -1)?
10957
Suppose -10*l + 100 + 50 = 0. Let z be 411/l - -4*(-2)/20. Suppose -280 = -z*r + 25*r. List the prime factors of r.
2, 5, 7
Let x be ((-2)/(-4) - 0)/((-41)/(-410)). What are the prime factors of 176/3*x/(10/6)?
2, 11
Let y = -5235 - -12507. List the prime factors of y.
2, 3, 101
Suppose 4*i - 5*i = -14. Let x = i - 14. Suppose 68 = 2*a - x. List the prime factors of a.
2, 17
Let z be 0/((-14)/(-35)*5). Suppose -49*p + 42*p + 2877 = z. List the prime factors of p.
3, 137
Suppose -16*m + 20328 - 60778 = -421906. What are the prime factors of m?
3, 883
Suppose 0 = -5*j - 4694 - 2546. Let i = -112 + j. List the prime factors of i/(-11) + (-2)/(-11).
2, 71
Let z(c) = 0*c**2 - 17 - 3*c**2 + 8*c**2 - 52*c + 0*c**2. What are the prime factors of z(-8)?
719
Let p be 20/(-1)*(-91)/52. Suppose -21812 = p*j - 87437. List the prime factors of j.
3, 5
Let w = 779 + -773. Suppose -w*v + 2860 = 7*v. List the prime factors of v.
2, 5, 11
Let q be (1 + 9)/(2/(-6)). Let p = 614 + -527. Let r = p + q. What are the prime factors of r?
3, 19
Let q(o) = o**3 - 14*o**2 + 15*o + 55. Let i be q(23). Suppose t + 3*a = 1793, -2*t + i - 1586 = -5*a. What are the prime factors of t?
2, 5, 179
Let d = 155 + -159. Let h(n) = -2*n**3 + 7*n**2 + 15*n + 7. What are the prime factors of h(d)?
11, 17
Suppose 0 = 5*q, q - 20837 + 6104 = -3*b. What are the prime factors of b?
3, 1637
Let l = -54 - -56. Suppose 5*p = w + 4, l*w - p + 14 = 4*w. Let k = w - -12. List the prime factors of k.
2, 3
Suppose -28470 = -50*b + 40*b. List the prime factors of b.
3, 13, 73
Let o(x) = -89 + 12 - 925*x + 939*x. Suppose -2*p = 2*p + 2*f - 84, -68 = -3*p + f. What are the prime factors of o(p)?
3, 7, 11
Let w be (-5376)/(-40) + 4/(-10). Let s = -402 + 604. Suppose 204*v - w = s*v. What are the prime factors of v?
67
Let p(q) = -27*q - 24. Let z(o) = 27*o + 24. Let b(n) = -4*p(n) - 5*z(n). Let f be b(-5). Suppose f = 14*c - 295. What 